[INFO] cloning repository https://github.com/bobgodwinx/try-rust
[INFO] running `Command { std: "git" "-c" "credential.helper=" "-c" "credential.helper=/workspace/cargo-home/bin/git-credential-null" "clone" "--bare" "https://github.com/bobgodwinx/try-rust" "/workspace/cache/git-repos/https%3A%2F%2Fgithub.com%2Fbobgodwinx%2Ftry-rust", kill_on_drop: false }`
[INFO] [stderr] Cloning into bare repository '/workspace/cache/git-repos/https%3A%2F%2Fgithub.com%2Fbobgodwinx%2Ftry-rust'...
[INFO] running `Command { std: "git" "rev-parse" "HEAD", kill_on_drop: false }`
[INFO] [stdout] 092c23de51169de1fd7171e643493d8f0f87b2d3
[INFO] checking bobgodwinx/try-rust against master#e6e4f7ed1589e03bc2f6c5931c1a72e7947e8682 for beta-170-4
[INFO] running `Command { std: "git" "clone" "/workspace/cache/git-repos/https%3A%2F%2Fgithub.com%2Fbobgodwinx%2Ftry-rust" "/workspace/builds/worker-6-tc2/source", kill_on_drop: false }`
[INFO] [stderr] Cloning into '/workspace/builds/worker-6-tc2/source'...
[INFO] [stderr] done.
[INFO] validating manifest of git repo https://github.com/bobgodwinx/try-rust on toolchain e6e4f7ed1589e03bc2f6c5931c1a72e7947e8682
[INFO] running `Command { std: CARGO_HOME="/workspace/cargo-home" RUSTUP_HOME="/workspace/rustup-home" "/workspace/cargo-home/bin/cargo" "+e6e4f7ed1589e03bc2f6c5931c1a72e7947e8682" "metadata" "--manifest-path" "Cargo.toml" "--no-deps", kill_on_drop: false }`
[INFO] started tweaking git repo https://github.com/bobgodwinx/try-rust
[INFO] finished tweaking git repo https://github.com/bobgodwinx/try-rust
[INFO] tweaked toml for git repo https://github.com/bobgodwinx/try-rust written to /workspace/builds/worker-6-tc2/source/Cargo.toml
[INFO] crate git repo https://github.com/bobgodwinx/try-rust already has a lockfile, it will not be regenerated
[INFO] running `Command { std: CARGO_HOME="/workspace/cargo-home" RUSTUP_HOME="/workspace/rustup-home" "/workspace/cargo-home/bin/cargo" "+e6e4f7ed1589e03bc2f6c5931c1a72e7947e8682" "fetch" "--manifest-path" "Cargo.toml", kill_on_drop: false }`
[INFO] running `Command { std: "docker" "create" "-v" "/var/lib/crater-agent-workspace/builds/worker-6-tc2/target:/opt/rustwide/target:rw,Z" "-v" "/var/lib/crater-agent-workspace/builds/worker-6-tc2/source:/opt/rustwide/workdir:ro,Z" "-v" "/var/lib/crater-agent-workspace/cargo-home:/opt/rustwide/cargo-home:ro,Z" "-v" "/var/lib/crater-agent-workspace/rustup-home:/opt/rustwide/rustup-home:ro,Z" "-e" "SOURCE_DIR=/opt/rustwide/workdir" "-e" "CARGO_TARGET_DIR=/opt/rustwide/target" "-e" "CARGO_HOME=/opt/rustwide/cargo-home" "-e" "RUSTUP_HOME=/opt/rustwide/rustup-home" "-w" "/opt/rustwide/workdir" "-m" "1610612736" "--user" "0:0" "--network" "none" "ghcr.io/rust-lang/crates-build-env/linux@sha256:19e73879b68f455e41552ea35293514db52ea292d993f571636dbffedb77a1ee" "/opt/rustwide/cargo-home/bin/cargo" "+e6e4f7ed1589e03bc2f6c5931c1a72e7947e8682" "metadata" "--no-deps" "--format-version=1", kill_on_drop: false }`
[INFO] [stdout] 236aef99e203db43a464f72b9596516ff14284a3c32a4fc4ae3a3a96892fbd33
[INFO] running `Command { std: "docker" "start" "-a" "236aef99e203db43a464f72b9596516ff14284a3c32a4fc4ae3a3a96892fbd33", kill_on_drop: false }`
[INFO] running `Command { std: "docker" "inspect" "236aef99e203db43a464f72b9596516ff14284a3c32a4fc4ae3a3a96892fbd33", kill_on_drop: false }`
[INFO] running `Command { std: "docker" "rm" "-f" "236aef99e203db43a464f72b9596516ff14284a3c32a4fc4ae3a3a96892fbd33", kill_on_drop: false }`
[INFO] [stdout] 236aef99e203db43a464f72b9596516ff14284a3c32a4fc4ae3a3a96892fbd33
[INFO] running `Command { std: "docker" "create" "-v" "/var/lib/crater-agent-workspace/builds/worker-6-tc2/target:/opt/rustwide/target:rw,Z" "-v" "/var/lib/crater-agent-workspace/builds/worker-6-tc2/source:/opt/rustwide/workdir:ro,Z" "-v" "/var/lib/crater-agent-workspace/cargo-home:/opt/rustwide/cargo-home:ro,Z" "-v" "/var/lib/crater-agent-workspace/rustup-home:/opt/rustwide/rustup-home:ro,Z" "-e" "SOURCE_DIR=/opt/rustwide/workdir" "-e" "CARGO_TARGET_DIR=/opt/rustwide/target" "-e" "CARGO_INCREMENTAL=0" "-e" "RUST_BACKTRACE=full" "-e" "RUSTFLAGS=--cap-lints=forbid" "-e" "RUSTDOCFLAGS=--cap-lints=forbid" "-e" "CARGO_HOME=/opt/rustwide/cargo-home" "-e" "RUSTUP_HOME=/opt/rustwide/rustup-home" "-w" "/opt/rustwide/workdir" "-m" "1610612736" "--user" "0:0" "--network" "none" "ghcr.io/rust-lang/crates-build-env/linux@sha256:19e73879b68f455e41552ea35293514db52ea292d993f571636dbffedb77a1ee" "/opt/rustwide/cargo-home/bin/cargo" "+e6e4f7ed1589e03bc2f6c5931c1a72e7947e8682" "check" "--frozen" "--all" "--all-targets" "--message-format=json", kill_on_drop: false }`
[INFO] [stdout] 4a4efd1215968dff12f53f40758a8b58915a9453c38e8579ef462bdb50cda1b9
[INFO] running `Command { std: "docker" "start" "-a" "4a4efd1215968dff12f53f40758a8b58915a9453c38e8579ef462bdb50cda1b9", kill_on_drop: false }`
[INFO] [stderr]     Checking try-rust v0.1.0 (/opt/rustwide/workdir)
[INFO] [stdout] error[E0583]: file not found for module `async_await`
[INFO] [stdout]   --> src/main.rs:25:1
[INFO] [stdout]    |
[INFO] [stdout] 25 | mod async_await;
[INFO] [stdout]    | ^^^^^^^^^^^^^^^^
[INFO] [stdout]    |
[INFO] [stdout]    = help: to create the module `async_await`, create file "src/async_await.rs" or "src/async_await/mod.rs"
[INFO] [stdout] 
[INFO] [stdout] 
[INFO] [stdout] error[E0583]: file not found for module `async_await`
[INFO] [stdout]   --> src/main.rs:25:1
[INFO] [stdout]    |
[INFO] [stdout] 25 | mod async_await;
[INFO] [stdout]    | ^^^^^^^^^^^^^^^^
[INFO] [stdout]    |
[INFO] [stdout]    = help: to create the module `async_await`, create file "src/async_await.rs" or "src/async_await/mod.rs"
[INFO] [stdout] 
[INFO] [stdout] 
[INFO] [stdout] error[E0425]: cannot find function `run` in module `async_await`
[INFO] [stdout]   --> src/main.rs:54:18
[INFO] [stdout]    |
[INFO] [stdout] 54 |     async_await::run();
[INFO] [stdout]    |                  ^^^ not found in `async_await`
[INFO] [stdout]    |
[INFO] [stdout] help: consider importing one of these items
[INFO] [stdout]    |
[INFO] [stdout] 1  + use crate::arrays::run;
[INFO] [stdout]    |
[INFO] [stdout] 1  + use crate::cli::run;
[INFO] [stdout]    |
[INFO] [stdout] 1  + use crate::clone::run;
[INFO] [stdout]    |
[INFO] [stdout] 1  + use crate::conditionals::run;
[INFO] [stdout]    |
[INFO] [stdout]      and 15 other candidates
[INFO] [stdout] help: if you import `run`, refer to it directly
[INFO] [stdout]    |
[INFO] [stdout] 54 -     async_await::run();
[INFO] [stdout] 54 +     run();
[INFO] [stdout]    |
[INFO] [stdout] 
[INFO] [stdout] 
[INFO] [stdout] warning: unused import: `crate::print`
[INFO] [stdout]  --> src/print.rs:2:5
[INFO] [stdout]   |
[INFO] [stdout] 2 | use crate::print;
[INFO] [stdout]   |     ^^^^^^^^^^^^
[INFO] [stdout]   |
[INFO] [stdout]   = note: `#[warn(unused_imports)]` on by default
[INFO] [stdout] 
[INFO] [stdout] 
[INFO] [stdout] warning: unused import: `std::primitive`
[INFO] [stdout]   --> src/types.rs:11:5
[INFO] [stdout]    |
[INFO] [stdout] 11 | use std::primitive;
[INFO] [stdout]    |     ^^^^^^^^^^^^^^
[INFO] [stdout] 
[INFO] [stdout] 
[INFO] [stdout] warning: unused import: `core::num`
[INFO] [stdout]  --> src/arrays.rs:1:5
[INFO] [stdout]   |
[INFO] [stdout] 1 | use core::num;
[INFO] [stdout]   |     ^^^^^^^^^
[INFO] [stdout] 
[INFO] [stdout] 
[INFO] [stdout] warning: unused import: `core::num`
[INFO] [stdout]  --> src/vectors.rs:2:5
[INFO] [stdout]   |
[INFO] [stdout] 2 | use core::num;
[INFO] [stdout]   |     ^^^^^^^^^
[INFO] [stdout] 
[INFO] [stdout] 
[INFO] [stdout] warning: unused imports: `DerefMut`, `Deref`, `clone`
[INFO] [stdout]  --> src/ownership.rs:1:17
[INFO] [stdout]   |
[INFO] [stdout] 1 | use std::{ops::{DerefMut, Deref}, clone};
[INFO] [stdout]   |                 ^^^^^^^^  ^^^^^   ^^^^^
[INFO] [stdout] 
[INFO] [stdout] 
[INFO] [stdout] error[E0425]: cannot find function `run` in module `async_await`
[INFO] [stdout]   --> src/main.rs:54:18
[INFO] [stdout]    |
[INFO] [stdout] 54 |     async_await::run();
[INFO] [stdout]    |                  ^^^ not found in `async_await`
[INFO] [stdout]    |
[INFO] [stdout] help: consider importing one of these items
[INFO] [stdout]    |
[INFO] [stdout] 1  + use crate::arrays::run;
[INFO] [stdout]    |
[INFO] [stdout] 1  + use crate::cli::run;
[INFO] [stdout]    |
[INFO] [stdout] 1  + use crate::clone::run;
[INFO] [stdout]    |
[INFO] [stdout] 1  + use crate::conditionals::run;
[INFO] [stdout]    |
[INFO] [stdout]      and 15 other candidates
[INFO] [stdout] help: if you import `run`, refer to it directly
[INFO] [stdout]    |
[INFO] [stdout] 54 -     async_await::run();
[INFO] [stdout] 54 +     run();
[INFO] [stdout]    |
[INFO] [stdout] 
[INFO] [stdout] 
[INFO] [stdout] warning: unused import: `crate::print`
[INFO] [stdout]  --> src/print.rs:2:5
[INFO] [stdout]   |
[INFO] [stdout] 2 | use crate::print;
[INFO] [stdout]   |     ^^^^^^^^^^^^
[INFO] [stdout]   |
[INFO] [stdout]   = note: `#[warn(unused_imports)]` on by default
[INFO] [stdout] 
[INFO] [stdout] 
[INFO] [stdout] warning: unused import: `std::primitive`
[INFO] [stdout]   --> src/types.rs:11:5
[INFO] [stdout]    |
[INFO] [stdout] 11 | use std::primitive;
[INFO] [stdout]    |     ^^^^^^^^^^^^^^
[INFO] [stdout] 
[INFO] [stdout] 
[INFO] [stdout] warning: unused import: `core::num`
[INFO] [stdout]  --> src/arrays.rs:1:5
[INFO] [stdout]   |
[INFO] [stdout] 1 | use core::num;
[INFO] [stdout]   |     ^^^^^^^^^
[INFO] [stdout] 
[INFO] [stdout] 
[INFO] [stdout] warning: unused import: `core::num`
[INFO] [stdout]  --> src/vectors.rs:2:5
[INFO] [stdout]   |
[INFO] [stdout] 2 | use core::num;
[INFO] [stdout]   |     ^^^^^^^^^
[INFO] [stdout] 
[INFO] [stdout] 
[INFO] [stdout] warning: unused imports: `DerefMut`, `Deref`, `clone`
[INFO] [stdout]  --> src/ownership.rs:1:17
[INFO] [stdout]   |
[INFO] [stdout] 1 | use std::{ops::{DerefMut, Deref}, clone};
[INFO] [stdout]   |                 ^^^^^^^^  ^^^^^   ^^^^^
[INFO] [stdout] 
[INFO] [stdout] 
[INFO] [stdout] error: aborting due to 2 previous errors; 5 warnings emitted
[INFO] [stdout] 
[INFO] [stdout] 
[INFO] [stdout] Some errors have detailed explanations: E0425, E0583.
[INFO] [stdout] 
[INFO] [stdout] For more information about an error, try `rustc --explain E0425`.
[INFO] [stdout] 
[INFO] [stdout] error: aborting due to 2 previous errors; 5 warnings emitted
[INFO] [stdout] 
[INFO] [stdout] 
[INFO] [stdout] Some errors have detailed explanations: E0425, E0583.
[INFO] [stdout] 
[INFO] [stdout] For more information about an error, try `rustc --explain E0425`.
[INFO] [stdout] 
[INFO] [stderr] error: could not compile `try-rust` (bin "try-rust" test) due to 3 previous errors; 5 warnings emitted
[INFO] [stderr] warning: build failed, waiting for other jobs to finish...
[INFO] [stderr] error: could not compile `try-rust` (bin "try-rust") due to 3 previous errors; 5 warnings emitted
[INFO] running `Command { std: "docker" "inspect" "4a4efd1215968dff12f53f40758a8b58915a9453c38e8579ef462bdb50cda1b9", kill_on_drop: false }`
[INFO] running `Command { std: "docker" "rm" "-f" "4a4efd1215968dff12f53f40758a8b58915a9453c38e8579ef462bdb50cda1b9", kill_on_drop: false }`
[INFO] [stdout] 4a4efd1215968dff12f53f40758a8b58915a9453c38e8579ef462bdb50cda1b9
